 + 5*h**2 + 3*h + 4. What is the hundreds digit of k(-2)?
4
Let r = -31 - -31. Suppose -6*q = -r*q - 354. Suppose q = 3*v - 2*f - 39, 0 = v - 4*f - 46. What is the tens digit of v?
3
Suppose -5*d + 0*z = -3*z + 31, -d + 5*z = 15. Let s be 5/(d/(-2)) + 0. Suppose 2*f = f + 3, -s*c - 3*f = -33. What is the tens digit of c?
1
What is the units digit of (-109 + -2)*(-1292)/114?
8
What is the units digit of 2*((-4)/24 + (-1100)/(-30))?
3
Let g(o) = 8*o - 3. Let k = 7 - 1. Let m = -3 + k. What is the units digit of g(m)?
1
Suppose 21860 = 18*a - 13*a. What is the hundreds digit of a?
3
Suppose -4*k = -8, -3*k = 4*w - 4*k - 6. Let t(b) = 13*b - 2. What is the units digit of t(w)?
4
Let n = 28 + -22. Let p = 5 - n. What is the units digit of (-3 - p)/((-19)/114)?
2
Let v be (-219440)/(-55) + (-4)/(-22). Let q be 4/10*v/(-19). Let b = 142 + q. What is the units digit of b?
8
Let z(v) = v**3 - 6*v**2 + 10*v + 4. What is the units digit of z(8)?
2
Suppose -26*a + 9674 = -12*a. What is the tens digit of a?
9
Let l = 7558 - 3417. What is the tens digit of l?
4
Suppose 287*r = 291*r - 904. What is the tens digit of r?
2
Let t = 106 - 126. Let n(v) = v**3 + 20*v**2 - 8*v - 6. What is the tens digit of n(t)?
5
Let d(k) be the first derivative of k**2/2 + 2*k + 10. Let r be d(3). Suppose 0 = -r*m + u + 54, 3*m + u = 2*m + 6. What is the tens digit of m?
1
Suppose 4*v - 705 = -169. Let s = -107 + v. What is the tens digit of s?
2
Let n = 1601 - 1004. What is the units digit of n?
7
Let p = 493 + -312. What is the hundreds digit of p?
1
Suppose 3*z = 4*z + 146. Let s = -101 - z. What is the units digit of s?
5
Suppose 2*g - 2 = 0, i - 4 = -g - 0. Suppose -q = 3*q - 16. Suppose i*c = 5*t - 13, 2*t + q = 2*c + 10. What is the units digit of t?
2
Let y(m) = m**3 + 21*m + 5. What is the hundreds digit of y(9)?
9
Let o(d) be the third derivative of -5*d**4/24 - d**3/3 + 5*d**2. What is the units digit of o(-5)?
3
Let u be 3/((-9)/32) - 24/(-36). What is the units digit of 1426/10 - 6*(-1)/u?
2
Let d(t) be the second derivative of t**5/24 - t**4/3 + t**3/2 + 2*t. Let r(k) be the second derivative of d(k). What is the tens digit of r(6)?
2
Let b be 5 - -1 - (-6)/(-3). Suppose 0 = 4*y - 3*s - 384, 2*y - 2*s + b*s - 206 = 0. Suppose 15 = 3*c - y. What is the tens digit of c?
3
Let f = -10 + 6. What is the units digit of 5 + (-420)/(f + -1)?
9
Let u(v) = 20*v**3 + 3*v**2 + 4*v. Let i be u(3). Suppose i = 5*y - 486. What is the units digit of y?
3
Suppose -2*l + 15*r = 10*r - 1192, -5*r - 586 = -l. What is the hundreds digit of l?
6
Let r = -14 - -28. Let j = 60 + r. What is the tens digit of j?
7
Suppose -5*k - 2*i = 496 - 3429, -3*k = -2*i - 1763. What is the units digit of k?
7
What is the thousands digit of 1908 - 52*(-3)/12?
1
Let t be 8/(2 - 4) - -3. What is the units digit of t + 808/12 + 3/(-9)?
6
Suppose -15 + 7 = -4*l. Suppose -2*k - 55 = -0*o - o, -3*o + 145 = -l*k. What is the tens digit of o?
4
Suppose -3*u - 5*b = 20, 2*u - 8 + 4 = b. Suppose u*x - 345 = -2*x + 3*n, 0 = 2*x + 4*n - 366. What is the units digit of x?
7
Let b(l) = l**3 + 3*l**2 - 8*l - 13. Let w be 4*((-2)/(-4) - 3/2). What is the units digit of b(w)?
3
Let v(p) = -61*p + 30. Let b be v(-6). Suppose 9*d - b = 3*d. What is the tens digit of d?
6
Let s(z) = z**3 - z**2 + 3. Let f be s(0). Let r be f/(-6)*-6 - -9. Let q = -8 + r. What is the units digit of q?
4
Let c(l) = 4*l**2 - l + 2. Let b be c(3). Let z = b - 30. Suppose -z*i + 57 = 4*q, i = -0*i + q + 6. What is the units digit of i?
9
Let c = 16 - 16. Suppose 3*i - 9 = c, -3*m - 2*i = i - 231. What is the units digit of m?
4
Suppose 163818 = 59*u - 94602. What is the units digit of u?
0
Let z(o) be the first derivative of -o**3/3 + 23*o**2/2 + 16. What is the tens digit of z(22)?
2
What is the hundreds digit of 12/8*(-6410)/15*-1?
6
What is the units digit of (-32)/14*(-126)/36?
8
Let x(j) = 3*j**3 - 2*j**2 + j - 2. Suppose u + 55 = -4*u. Let q = u + 13. What is the units digit of x(q)?
6
Let q be ((-11)/(-2))/(3/6). Let k(i) = -i**2 + 11*i + 4. Let j be k(q). Suppose -z + 35 = j*z. What is the units digit of z?
7
Let s = 35 + -31. Let l(t) = -t**3 + 6*t**2 - 3*t + 4. What is the tens digit of l(s)?
2
What is the units digit of (-1 - 35/(-50)) + 137522/140?
2
Let o(c) = -5*c + 95. Let p be o(18). Suppose -2*n + 3*x + 33 = -54, x = -p*n + 209. What is the units digit of n?
2
Let f(n) = -2*n**2 + 8*n**2 + n**2 + 16 + 8*n**2 + n**3 - 3*n. What is the tens digit of f(-15)?
6
What is the units digit of (29/3 + (9 - 3))*219?
1
Let g(o) = -16*o**2 - o - 1. Let x be g(-1). Let n = x - -37. Suppose -k + n = -15. What is the tens digit of k?
3
Let l(x) be the second derivative of x**3/6 + 9*x**2/2 + 6*x. Let j be l(-10). What is the units digit of j/((-53)/13 - -4)?
3
Let p(q) = 1704*q + 66. What is the hundreds digit of p(1)?
7
Let u(i) = i - 13. Let b be (1 - -7) + -2 + -1. Let r(h) = 2*h - 12. Let a(v) = b*u(v) - 6*r(v). What is the units digit of a(-8)?
3
Suppose 3*m = w - 696, 3*w - m = -5*m + 2075. What is the tens digit of w?
9
Let z(i) = 35*i**2 + 3*i - 2. Let q be z(1). Suppose g = q + 12. What is the units digit of g?
8
Suppose -3*q - 1203 - 2778 = -j, -5*j + 19921 = q. What is the tens digit of j?
8
Let z(p) = -p**3 - 8*p**2 + 4*p + 8. Suppose -6*s - 49 = 5. Let w be z(s). Suppose -f = -3*t - 13 + w, -5*f = -2*t + 44. What is the tens digit of t?
1
Let g be (-2)/4 - (-13)/2. Let c(w) = -w**2 + 8*w - 9. Let r be c(g). Suppose -r*l = 2*l - 10. What is the units digit of l?
2
Let q(o) = 5*o + 3. Let a be q(-19). Let g = 52 - a. What is the hundreds digit of g?
1
Suppose 0 = -7*d + 4*d + 15. Suppose -5*i = 2*v - 9, d*v = 5*i + 7 - 2. Suppose v*y = 3 + 17. What is the tens digit of y?
1
What is the units digit of -894*18/(-4) + 120 + -117?
6
What is the tens digit of -542*2*1/(-4)?
7
Let v(w) = 6*w + 13. Let n = 75 + -66. What is the tens digit of v(n)?
6
Suppose 0*c - 2*q = -4*c - 22, c + 13 = 2*q. Let m(v) be the first derivative of -7*v**2/2 - 2. What is the tens digit of m(c)?
2
Suppose 2*v = -0*v + 4. Let u(f) = 3*f + f**v - 4 + 2 - 2 + 0. What is the tens digit of u(4)?
2
Let v = 857 + -141. What is the tens digit of v?
1
Suppose 2*r = -4*n + 358, 0 = 3*n + 4*r - 254 - 27. What is the tens digit of n?
8
Let l = 13 - 8. Suppose 4*p - l*c - 36 = 224, -4*c - 16 = 0. What is the tens digit of p?
6
Let q(h) = h**3 - 4*h**2 - 5*h - 6. Let m be q(5). Let z be (m/4)/(6/8). Let t = z - -5. What is the units digit of t?
3
Let j = 7743 - 4339. What is the thousands digit of j?
3
Suppose -3*s + 3*k = -1068, -3*k - 1072 = -3*s + k. What is the units digit of s?
2
Let b(u) = -2*u**2 - 5*u. Let k be b(-3). What is the units digit of ((-1)/k)/(6/36)?
2
Let q = 15 + -10. Let x = -1 - q. What is the tens digit of (-2*10)/(5 + x)?
2
Suppose -5*n = -5, -2*y - n + 21 = 3*y. Suppose -35 - 91 = -3*t. Suppose -y*k + t = -k. What is the units digit of k?
4
Suppose 6*j = 2*j + 2*d + 14, 0 = -3*j - d + 13. Suppose -60 = j*x + 5*q - 267, -2*x + 4*q = -110. What is the units digit of x?
3
Suppose -5*v = -79 - 316. Let j = 95 + v. Suppose 0 = -5*r + 181 + j. What is the units digit of r?
1
Let g = 3320 - 480. What is the thousands digit of g?
2
Let l = 19 - 9. Suppose -l = -3*t + 8. Suppose 2*c + 5*r + t = 87, 0 = 2*c + 4*r - 76. What is the tens digit of c?
2
What is the hundreds digit of 6 + -6 + (0 - -1)*1247?
2
Let h(p) = -3*p + 8. Let b be h(7). Let i = -9 - b. Suppose i*n - 61 = 43. What is the units digit of n?
6
Let z = 3220 + -1835. What is the tens digit of z?
8
Let i = 1144 - 657. What is the units digit of i?
7
Suppose 5*d = 6*d - 3*t - 56, -4*d + 184 = -4*t. What is the units digit of d?
1
Suppose 11*b = 10*b - 4. Let j(o) = o**3 + 5*o**2 - 6*o - 5. What is the units digit of j(b)?
5
Let i(g) = -2 - 1 + 5*g + 0*g. Let x be i(2). Let y = 0 + x. What is the units digit of y?
7
Let n = 88 - 92. Let x(q) = -4*q**3 - 2*q**2 + 9*q + 4. What is the tens digit of x(n)?
9
Let n(u) = -u**3 - 8*u**2 - 9*u - 5. Let v be n(-7). Let f = -13 + v. Let q(r) = 2*r**2 - 5. What is the units digit of q(f)?
7
Let g(l) = 2*l**2 + 9. Let m be g(4). Suppose 0 = -5*o + m + 99. Suppose 5*f + o = 6*f. What is the tens digit of f?
2
Suppose 4*t = -2*p + 4, 5*p = 3*t - 1 - 2. Wh